and 84.
14
Suppose -2*w + 5*o - 52 = -5*w, 2*w = 2*o + 56. Calculate the greatest common divisor of w and 60.
12
Suppose 3*c - 9 = -0. Suppose -10 + 0 = -2*w. Suppose -4*g - b + w = -c, -b - 10 = -5*g. What is the highest common factor of 16 and g?
2
Suppose 0 = -6*n + n - 3*l + 40, 0 = n + 3*l + 4. What is the greatest common factor of n and 1?
1
Let x be 0/(-3) + -3 + 31. Calculate the highest common factor of 196 and x.
28
Suppose 0 = -2*q - u + 7 - 0, 9 = 3*q + u. Suppose -10 = -n + q*n. Let o be 4/n - 12/(-5). What is the highest common divisor of o and 3?
1
Let j be (-1 + -2)*(3 - 4). Calculate the highest common divisor of 3 and j.
3
Let t(g) be the second derivative of -13*g**3/6 + g**2/2 + g. Let x = -1 + 0. Let n be t(x). Calculate the greatest common divisor of 21 and n.
7
Let h be (-68)/(-6) - (-4)/6. Let l(i) = 4*i**2 - 5*i + 7. Let p be l(-5). What is the highest common factor of p and h?
12
Let v(y) = 71*y + 2. Let j be v(2). Suppose 3*i - 25 = 23. Calculate the highest common divisor of i and j.
16
Suppose 2*w = -w + 9. Suppose -6 + 24 = w*f. Calculate the greatest common factor of f and 24.
6
Let i(m) = 9*m - 4. Let x be i(8). What is the highest common factor of 17 and x?
17
Let t be (-63 - -9)*2/(-6). Calculate the highest common divisor of t and 90.
18
Let v(k) = k**2 + 16*k - 10. Let z be v(-13). Let q be z/2*-2 + -1. What is the greatest common factor of q and 32?
16
Suppose 84*h + 72 = 86*h. Suppose -2*u - 3*o + 174 = 0, 2*u - u - 94 = 2*o. Calculate the greatest common factor of h and u.
18
Let p be 3 - (-692 + 1 + 1 - 0). Calculate the highest common factor of p and 63.
63
Let h be (-9 + 3)*(-1)/(-2). Suppose 0 = 2*y - 0*y. Let f = y - h. What is the greatest common divisor of 33 and f?
3
Let c be (2/6)/(4/18)*22. Calculate the highest common factor of c and 264.
33
Suppose 3*i - i + 6 = -2*m, -4*i = -3*m + 26. Let s = m + 0. Suppose s*f - 4 = -0*f, r - 38 = 3*f. Calculate the highest common factor of r and 11.
11
Let b(t) = 3*t + 24. Let x be b(19). What is the greatest common divisor of x and 9?
9
Let t be 2/(-8)*0 + 18. What is the highest common divisor of 162 and t?
18
Let r(z) = -3*z - 12. Let x be r(-16). Calculate the greatest common divisor of x and 12.
12
Let m(s) = s**3 + 16*s**2 - 16*s + 23. Let r be m(-17). What is the greatest common factor of r and 48?
6
Let n be 7 + 0 - (-1 + 1). Suppose -3*m = -44 - 103. What is the highest common divisor of m and n?
7
Let z = 41 + -11. What is the greatest common divisor of z and 3?
3
Let h = 4 + 20. Suppose -5*y = p - 2*p - h, -28 = -2*y + 5*p. Suppose -2*s - y*f + 55 - 3 = 0, -s + 44 = -4*f. Calculate the greatest common factor of s and 80.
16
Suppose 0 = u + 5*i + 15, 6 = u - i - i. Suppose u = 2*g - 0*t + 2*t - 12, 2*g + 8 = 3*t. What is the highest common divisor of g and 2?
2
Suppose 0 = -4*y + 14 + 14. Let j(d) = -25*d + 2. Let p be j(-2). Suppose -2*k = 10 - p. Calculate the highest common factor of y and k.
7
Suppose -d - 9 = -2*i, 2*i = -2*i - 5*d - 17. Let t = 4 - i. Suppose -3*z = 8 - 11. Calculate the highest common divisor of t and z.
1
Let i(t) = -t**2 + 6*t + 7. Let h be i(5). Let f = h - 10. Calculate the highest common divisor of 10 and f.
2
Let v(k) = k**2 - 2*k - 2. Let d be v(-2). Calculate the highest common factor of 6 and d.
6
Let r(d) = -152*d**2 - 2*d + 1. Let y = 5 + -4. Let q be r(y). Let w = q + 285. What is the highest common divisor of 12 and w?
12
Let n(s) = -s**2 - s + 1. Suppose 3*r = 4*i - 0*r + 3, i - 1 = -r. Let o be n(i). Calculate the greatest common factor of 2 and o.
1
Suppose -4*f + 1 + 7 = 0. Suppose -4*t - t + 170 = 5*r, f*t = 4*r + 74. Calculate the highest common divisor of 5 and t.
5
Let c(p) = p + 9. Let i be c(-5). What is the greatest common divisor of i and 36?
4
Suppose 0 = -5*z - 22 - 33. Let d be z/(-3) + (-10)/15. Suppose d*j - 18 = -3. What is the highest common factor of j and 25?
5
Let w be ((-28)/(-70))/(1/5). Calculate the greatest common divisor of 8 and w.
2
Suppose 4*h - 201 = t + 6, -5*h = 0. Let j = -119 - t. Calculate the greatest common factor of 11 and j.
11
Let u(t) = -t**2 - 4*t + 1. Let j be u(-3). Calculate the greatest common divisor of 6 and j.
2
Suppose k = -3*y + 5*y - 89, -2*y - 4*k + 94 = 0. Calculate the greatest common divisor of 9 and y.
9
Let u(x) = -3*x**2 - 2 - 8*x**3 + 1 + x**2. Let z be u(-2). Let y(f) = 14*f**2 - 4*f + 1. Let w be y(1). What is the highest common factor of z and w?
11
Let c(n) = n**2 + 6*n + 1. Let h be c(-11). What is the greatest common factor of h and 14?
14
Suppose 48 = 4*b - 2*v, -3*b + 8*b - v = 66. Calculate the highest common divisor of b and 56.
14
Let b(r) = -3*r + 5. Let p be b(-5). What is the greatest common factor of 20 and p?
20
Let h be ((-1)/1)/((-1)/72). What is the highest common factor of h and 18?
18
Let i(r) = 5*r**2 + 3*r + 2. Let v be i(-5). Calculate the greatest common divisor of 14 and v.
14
Let w be 3 - ((-1)/1 + 2). Let i = 29 - 21. Suppose 4*g + 3*n - 46 = 19, -2*n = -g + i. What is the greatest common factor of w and g?
2
Let x(m) = m - 2*m**2 + 3*m - m**3 + 0*m**3 + 2*m**3. Let t be x(3). What is the greatest common factor of 63 and t?
21
Let i = -43 + 79. What is the highest common divisor of i and 12?
12
Suppose -4*d + 45 = d. Calculate the highest common factor of d and 36.
9
Suppose -2*p + 87 = -15. What is the highest common factor of 34 and p?
17
Let s(t) = -t**2 + 12*t + 3. Let o be s(12). Let f(a) = a**3 + 4*a**2 + 3*a + 1. Let z be f(-2). Calculate the highest common factor of z and o.
3
Suppose 137*k + 24 = 141*k. Let w = 17 - 34. Let q be (w + -1)/((-9)/6). What is the greatest common divisor of k and q?
6
Let y(b) = -4*b**2 - 53*b - 1. Let w be y(-13). What is the greatest common factor of w and 9?
3
Let r(j) = -j**3 - 8*j**2 - 7*j. Let i be r(-7). Suppose 4*l + 34 = 3*k, -k - l = -i*l - 23. Let a = -1 + 3. Calculate the highest common factor of a and k.
2
Let t(g) = -g**3 + 13 + 5 - 12 - g**2. Let s be t(0). What is the highest common divisor of 15 and s?
3
Let b(x) = -2*x - 105. Let o be b(0). Let c be o*4/18*-3. Calculate the highest common divisor of c and 28.
14
Let u be ((-606)/4)/((-12)/24) + -3. Calculate the highest common factor of 120 and u.
60
Suppose 4*x = 19 + 1. Suppose 2*s = 7*s - x. Calculate the greatest common factor of s and 5.
1
Suppose 0*l = -l + 56. Let p = -75 + 89. Calculate the greatest common factor of p and l.
14
Let c(f) = 10*f + 1. Let t be c(-2). Let n be 7 + -3 - t - -1. Calculate the greatest common divisor of n and 6.
6
Let g = 7 - 3. Suppose 2*q = 3*q + g, -3*q = 3*n + 6. What is the greatest common divisor of 18 and n?
2
Let q be 3 - (-2 + -2 + 1). Let l = q + -1. Suppose 3 - 43 = -l*b. Calculate the greatest common divisor of b and 8.
8
Let k = 11 - 29. Let r be (k/4)/(1/(-24)). What is the highest common factor of 12 and r?
12
Let s = 319 + -220. Suppose 14 = -2*l + 36. What is the greatest common divisor of s and l?
11
Let c(j) = -j - 6. Let d be c(-5). Let a be (1 + -26)/(d/4). Let w be (-2)/(-1*1/5). Calculate the highest common divisor of w and a.
10
Suppose -q + 3*d + 39 = 0, d - 165 = -3*q - 2*d. What is the highest common divisor of 17 and q?
17
Suppose 3*b - t - 3*t = 45, 0 = -2*t - 6. Calculate the greatest common divisor of 11 and b.
11
Let c(l) = -176*l + 8. Let j be c(-2). What is the greatest common divisor of j and 40?
40
Let w(q) = q - 5. Let z be w(8). Let g be (4 - 46)/(z/(-2)). Let n(k) = -41*k**3 + 1. Let r be n(-1). What is the greatest common factor of r and g?
14
Suppose 3*o - 3 - 12 = 0. Suppose o*f + 20 = -3*b, -5*f = 2*b + 3*b + 20. Let j = 9 - b. Calculate the greatest common factor of j and 81.
9
Let b be (-294)/(-24) - 3/(-4). Suppose -8*s + 4*s + v + b = 0, 0 = -5*s - 4*v + 32. Calculate the highest common factor of s and 2.
2
Suppose -33*t + 30*t = -378. Let p = 9 + -4. Suppose 2*m - 20 = -2*g - 2*m, 0 = p*g - m - 72. Calculate the highest common factor of g and t.
14
Let j = 40 - 14. Suppose -105 = -2*y - 3*a, 5*y - 211 - 89 = 5*a. Suppose 4*p + c = y, 2*p + 8*c = 5*c + 41. What is the highest common factor of j and p?
13
Let s be ((-12)/(-16))/(4/672). What is the greatest common factor of 84 and s?
42
Suppose -3*g + 1521 = 501. Let u = -676 + 448. 